1110?
20121022
In base 7, what is 4643021613 - 4?
4643021606
In base 15, what is -a0b8c - 759?
-a13e6
In base 11, what is -4 - -20049a7?
20049a3
In base 13, what is 722078 - -4?
72207c
In base 6, what is -101 - -144414513?
144414412
In base 15, what is -992 + -73ed?
-7d90
In base 14, what is -4d5c8 + 604?
-4cdc4
In base 9, what is -1746 - -21153?
18306
In base 3, what is -22111000 - -1120121212?
1021010212
In base 15, what is -1 + -5d3636?
-5d3637
In base 10, what is 1140208 - 381?
1139827
In base 6, what is 30522114412 - 1?
30522114411
In base 10, what is -233364 - 120?
-233484
In base 5, what is 11 - -1110201144432?
1110201144443
In base 7, what is 601332 + 562?
602224
In base 14, what is 2b4 - -58b6?
5b8a
In base 12, what is -35083a3 - -50?
-3508353
In base 6, what is -454344 + 4304?
-450040
In base 2, what is 11 + -110011000000110111011111101?
-110011000000110111011111010
In base 10, what is -2637 - -98867?
96230
In base 6, what is -534331 + 23?
-534304
In base 5, what is 141 - -221433423?
221434114
In base 6, what is 2434100213 - 5?
2434100204
In base 16, what is -fdc161 - -4?
-fdc15d
In base 15, what is 1aaadc5 - 5?
1aaadc0
In base 15, what is a8 - a94?
-9db
In base 16, what is fb - 33db2?
-33cb7
In base 8, what is 6 + -14355426?
-14355420
In base 16, what is -10438 - af5?
-10f2d
In base 6, what is 5154534 - 5500?
5145034
In base 13, what is 20bcc464 + 5?
20bcc469
In base 12, what is 73 + 482500?
482573
In base 5, what is 1422134 - -332302?
2304441
In base 4, what is -223233133233303 + -3?
-223233133233312
In base 16, what is -106 - 481d?
-4923
In base 13, what is -32000a + 21?
-31ccb9
In base 2, what is 10110111 + -1000011000110000?
-1000010101111001
In base 5, what is -100212200 + 13?
-100212132
In base 3, what is -112001000 + -1020220?
-120021220
In base 7, what is 4 - 1422315216?
-1422315212
In base 14, what is -2ad - 8841?
-8b10
In base 12, what is 5068755 + -b?
5068746
In base 13, what is -498ccc14 + 1?
-498ccc13
In base 14, what is 0 + 3948a0b?
3948a0b
In base 2, what is 1000010001111 - 10001000111001?
-1000110101010
In base 12, what is ab226 + -1184?
aa062
In base 13, what is 1052527 - -18c?
10526b6
In base 5, what is 13313423243 + -3?
13313423240
In base 7, what is -22 + 155021605?
155021553
In base 5, what is 0 - 1404042423?
-1404042423
In base 16, what is 494cbc - 5?
494cb7
In base 16, what is 0 - -29313?
29313
In base 16, what is -1d36b7 + -14?
-1d36cb
In base 10, what is -139903386 + 4?
-139903382
In base 10, what is -3 + -8109854?
-8109857
In base 2, what is 111001110101 + -11001010101001110?
-11000011011011001
In base 12, what is 28 + 3550b96?
3551002
In base 6, what is -1520 - -20001151?
15555231
In base 6, what is -3 + -130110131?
-130110134
In base 10, what is -76 + 6327465?
6327389
In base 16, what is 17d4 + -15?
17bf
In base 14, what is 96da85d + 13?
96da872
In base 5, what is -313 - -213441234?
213440421
In base 4, what is 2 + -3222213002001?
-3222213001333
In base 2, what is 10000110 + -10110001?
-101011
In base 12, what is -372 + 76280?
75b0a
In base 6, what is -353401504 + -3?
-353401511
In base 4, what is 2111002032 + 2?
2111002100
In base 2, what is -11011010001100111111 + 110010?
-11011010001100001101
In base 12, what is 1311a57 + 5?
1311a60
In base 4, what is 31313 - -1102212?
1200131
In base 3, what is -11001 + 1222121012?
1222110011
In base 10, what is -129054 + -14?
-129068
In base 13, what is 22277b99 - a?
22277b8c
In base 3, what is 220 + -1002122122010100?
-1002122122002110
In base 12, what is -3 - 347009a4?
-347009a7
In base 12, what is 7a059 - 429?
79830
In base 8, what is -54445 - 4746?
-61413
In base 14, what is -182 + 269c?
251a
In base 16, what is -16bdc4b - -2?
-16bdc49
In base 11, what is -5 - -3a06308?
3a06303
In base 11, what is -269 + -9a36a?
-9a628
In base 13, what is -1 - 3587440?
-3587441
In base 12, what is a73 + -10a7a?
-10007
In base 2, what is -101011 - 101000010101011000000?
-101000010101011101011
In base 13, what is 4 + 26446c8?
26446cc
In base 9, what is 5 + -1544756?
-1544751
In base 9, what is 826384 + -327?
826056
In base 16, what is 4 - 298e44?
-298e40
In base 14, what is 30 + -da175?
-da145
In base 7, what is 135015 + 164?
135212
In base 12, what is -3926 - 7b5?
-451b
In base 14, what is 96b - 1803b?
-174b0
In base 3, what is 10122221211 + -112120?
10122102021
In base 15, what is -8d - 261?
-2ee
In base 16, what is -3 - 31576c?
-31576f
In base 2, what is 1000111101000011011101 + -100?
1000111101000011011001
In base 15, what is 0 + -4a081ad?
-4a081ad
In base 14, what is -6 - -72bd11?
72bd09
In base 10, what is -5 - -5674017?
5674012
In base 4, what is -13 - 122130210011?
-122130210030
In base 7, what is -1360 - -45305?
43615
In base 7, what is -32442 + 235522?
203050
In base 12, what is 117 + -37a1a?
-37903
In base 14, what is 5db94 - 585?
5d60d
In base 14, what is 1b893cb + 5?
1b893d2
In base 16, what is -6 - -2bc14dc?
2bc14d6
In base 10, what is 3 + 10543070?
10543073
In base 10, what is 576187 - 0?
576187
In base 7, what is -332035410 + 2?
-332035405
In base 7, what is 62 + -25605506?
-25605414
In base 12, what is 2 + 246134?
246136
In base 10, what is 11 - 10494677?
-10494666
In base 15, what is -523c - ee8?
-6235
In base 9, what is -12132 - -15538?
3406
In base 5, what is -213124 + -310040?
-1023214
In base 3, what is 2011210 + 2100211?
11112121
In base 8, what is -114 - -25106125?
25106011
In base 4, what is 222303102012 + -3?
222303102003
In base 8, what is 103544 - -765?
104531
In base 3, what is 20121101101221 + -2?
20121101101212
In base 4, what is 13022103 + 10123?
13032232
In base 5, what is -1 - -1013024311?
1013024310
In base 5, what is -214000 - 100412?
-314412
In base 15, what is -3dc5b3 - 16?
-3dc5c9
In base 13, what is -1 - -6402b1?
6402b0
In base 11, what is 0 + 300776?
300776
In base 16, what is -553989 - -45?
-553944
In base 15, what is -545 - -1177?
b32
In base 16, what is -115a8 - 44?
-115ec
In base 4, what is 113301 - 1133113101?
-1132333200
In base 8, what is 5 + -775043406?
-775043401
In base 3, what is 12 + 1100122200010202?
1100122200010221
In base 2, what is -110000101110100 + 11001011100101?
-10111010001111
In base 14, what is -39a - -ad96?
a9da
In base 16, what is 2d92a - 1?
2d929
In base 2, what is 10011001101 - 10000001111101111?
-1111111100100010
In base 2, what is -110010001010101011 + 1010111000?
-110001111111110011
In base 9, what is -632 + -3670387?
-3671130
In base 13, what is -1b207 + 7c?
-1b158
In base 3, what is 20122020010010002 + 12?
20122020010010021
In base 12, what is 7761a0 + 7?
7761a7
In base 9, what is -4228522 + -6?
-4228528
In base 2, what is 10011010000 + -11100001110101100?
-11011111011011100
In base 10, what is 277819 + -86?
277733
In base 7, what is -30 + 13616053?
13616023
In base 15, what is 703 + 7037?
773a
In base 10, what is 712607 + 0?
712607
In base 2, what is 11011001000 + -101101110101100?
-101010011100100
In base 13, what is -11ac - -1c30?
a51
In base 2, what is 1111111010100010101000 - 0?
1111111010100010101000
In base 7, what is -2 + -14564631555?
-14564631560
In base 14, what is 5 - 301ca1?
-301c9a
In base 5, what is -3212 - -312222112?
312213400
In base 6, what is 2045 - 12050555?
-12044510
In base 12, what is 2 - b0294?
-b0292
In base 16, what is 14 + -107283?
-10726f
In base 10, what is -22595868 - -6?
-22595862
In base 6, what is 543110 + -5152?
533514
In base 2, what is -10010110011001 - 1100101010?
-10100011000011
In base 7, what is 13 + -6223343?
-6223330
In base 4, what is 11323102220 + 2222?
11323111102
In base 13, what is -19008a - 1?
-19008b
In base 5, what is 21 + -13320444?
-13320423
In base 16, what is -20e3 - 131f?
-3402
In base 12, what is -5 + 542287?
542282
In base 11, what is 1733 - 566?
1178
In base 6, what is -105334 - 4353?
-114131
In base 16, what is 4a77f - 214?
4a56b
In base 16, what is ad + 18912?
189bf
In base 9, what is 356776747 - 3?
356776744
In base 3, what is -12100 - -100011121001?
100011101201
In base 13, what is 3314 - -3c1?
3705
In base 15, what is -97 + -3834d?
-383e5
In base 16, what is -1ba7e + -b2a?
-1c5a8
In base 5, what is 10 - -14024223?
14024233
In base 8, what is -5 + -215245036?
-215245043
In base 9, what is -244622576 - 6?
-244622583
In base 2, what is 11011 + 